s of t.
7
Let k = -32 - -36. List the prime factors of k/((-16)/(-6))*38.
3, 19
Let q = -15 + 2. Let b = 13 + q. Suppose b = -a - y + 7, -2*y + 36 = -a + 5*a. List the prime factors of a.
11
Suppose 393 = 4*m + 5*z, z - 42 - 261 = -3*m. List the prime factors of m.
2, 3, 17
Let f = 11 - 11. Suppose 5*n - 3*o = 201, f = 2*n + 3*n + 3*o - 219. Suppose -2*c = 4*c - n. What are the prime factors of c?
7
Let o = -3143 + 4531. What are the prime factors of o?
2, 347
Let g = 5328 + -2225. What are the prime factors of g?
29, 107
Suppose 4*b - 3*b = 2. Let n be b/(-3) - (-18)/27. List the prime factors of (-44)/(-1) + n/(-2).
2, 11
Let r(b) = 2*b - 3. Let t be r(1). Let h be t + ((-24)/(-4) - 3). Suppose 163 = -h*i + 6*i + u, -5*u = -i + 67. List the prime factors of i.
2, 3, 7
Suppose -1645 = -5*y + 2*g + 445, -2*y + 3*g = -847. Suppose 5*l - y - 309 = 0. What are the prime factors of l?
5, 29
Let j = -73 + 174. Suppose -5*c = -1316 + 421. Suppose 5*s - j = c. What are the prime factors of s?
2, 7
Let b = -35 - -35. List the prime factors of (b - 4) + (0 - -82).
2, 3, 13
Let q(x) = x**3 + 13*x**2 + 3*x + 13. Let j be q(-13). Let g = j - -55. Suppose 2*t - n - 14 = 0, -3 + g = 5*t + 2*n. List the prime factors of t.
2, 3
Let t(k) = 5*k**2 - 169*k + 42. What are the prime factors of t(34)?
2, 19
Let m be ((-4)/(-6))/((-7)/(-273)). Suppose 2 + m = v - 4*w, 3*v + 2*w = 42. Suppose 17*f = 16*f + v. What are the prime factors of f?
2
Let y = 96 - 98. Let g(d) = 30*d**2 - 6*d - 5. List the prime factors of g(y).
127
Suppose -35*i = -36394 + 11509. What are the prime factors of i?
3, 79
Let u = 13 + -1. Suppose -u = -4*i + 8. Suppose i*t - 25 = 0, 6*p - 2*t = 2*p + 10. What are the prime factors of p?
5
Suppose 19*l - 21*l + 4 = 0. Suppose -3*f + 300 = l*f. List the prime factors of f.
2, 3, 5
Let r(q) = 17*q**2 + 19*q + 11. What are the prime factors of r(-7)?
3, 79
Let h be (185/10)/((-2)/(-12)). List the prime factors of h/4 + (-3)/(-12).
2, 7
Let t(x) = x**2 - 3*x - 16. Let n(b) = 2*b**3 + 7*b**2 + 4*b + 3. Let p be n(-3). Suppose 4*a = -p*a + 32. List the prime factors of t(a).
2, 3
Let h(o) = 40*o + 15. Let l(p) = 21*p + 8. Let t(g) = -5*h(g) + 9*l(g). Suppose -3*c = -6*c - 15. What are the prime factors of t(c)?
2, 13
Let o(f) = -3*f + 14. Suppose -5*n = v + 67, 0 = 2*n + 2*v - 0*v + 30. Let y be o(n). Suppose 3*d = 100 + y. What are the prime factors of d?
3, 17
Let a be 18/4*((-56)/12 + 2). Let r = 12 - a. What are the prime factors of r?
2, 3
Let f(o) = 13*o**2 - 21*o - 10 + 10*o**2 - 24*o**2. List the prime factors of f(-14).
2, 11
Let h(s) = 53*s + 1. Let y be h(1). Let x = y - -168. What are the prime factors of x?
2, 3, 37
Suppose 0 = f + 3, -f - 622 = -5*x + 4*x. What are the prime factors of x?
619
Suppose 0 = -7*t + 4*t + 5*m + 598, -5*t + 1046 = 4*m. List the prime factors of t.
2, 103
Suppose 5*q - 7*q - 2*f + 82 = 0, -4 = f. What are the prime factors of q?
3, 5
Let q(k) be the third derivative of -13*k**4/24 + 5*k**3/6 + 9*k**2. List the prime factors of q(-5).
2, 5, 7
Let t = 6704 + -4130. List the prime factors of t.
2, 3, 11, 13
Suppose j - 300 = 5*h, 0*j = 2*j + 3*h - 652. Suppose 3*b = 6, 5*b - 33 = t - j. List the prime factors of t.
3, 11
Let x be 9/(4 - (-5)/(-2)). Let j(z) = 8*z**2 - 18*z + 4 + x*z + 9*z + 0*z. What are the prime factors of j(2)?
2, 3, 5
Let f = -5 + 5. Suppose f*o + o = 96. What are the prime factors of o?
2, 3
Let w(z) = -14*z - 39 - 7 + 9*z + 9*z**2. What are the prime factors of w(-6)?
2, 7, 11
Let r(m) = -m**3 - 2*m**2 + 2*m. Let q be r(-3). Suppose -5*t - 2*o = -114, 5*t + q*o = 157 - 46. Let w = t + -16. What are the prime factors of w?
2
Suppose 0 = -5*r + 2*c - 53, -3*c + 32 = -3*r - 2*c. Let m(d) = d**2 + 4*d + 14. List the prime factors of m(r).
7, 13
Let l = -2319 - -3028. What are the prime factors of l?
709
Let p = 38 - 34. Let j(k) = k**2 - 14. Let a be j(p). List the prime factors of (65/2)/(1/a).
5, 13
Suppose 5*d + 2*y - 12 = 3*d, -4*d + 45 = -3*y. Suppose 5*g - d - 6 = 0. Suppose -v = v + 5*b - 17, -g*v + 83 = -4*b. List the prime factors of v.
3, 7
Let t be (-8)/(-2) + -6 + 41 + 1. What are the prime factors of (t/5 + 64)/((-6)/(-8))?
2, 3
Let d(u) = 17*u - 72. List the prime factors of d(29).
421
Let t(w) = w**3 - 11*w**2 - 12*w + 6. Let f = 15 - 3. Let c be t(f). Suppose -24 - 282 = -c*j. What are the prime factors of j?
3, 17
Let g be (-10542)/(-12) + 6/8*-2. Suppose 0 = -5*o - h + g, -3*o - 4*h - 692 = -7*o. List the prime factors of o.
5, 7
Suppose -5*c - 452 = -3*h - 0*c, -5*c = 2*h - 318. List the prime factors of h.
2, 7, 11
Suppose 17 = -5*z + 77. Suppose -z*l = -7*l - 220. What are the prime factors of l?
2, 11
Suppose 23 = -3*v + 68. Let q(i) = i**2 - 10*i + 5. What are the prime factors of q(v)?
2, 5
Let x = -720 - -1054. Suppose 3*v - 2*h - 248 = -h, -4*v + x = -3*h. What are the prime factors of v?
2, 41
Let z(o) = -10*o**2 + o + 1. Let n be z(-4). Let t = n - -467. Suppose -11*c = -15*c + t. What are the prime factors of c?
2, 19
Let s(m) be the first derivative of -m**4 - m**2/2 + 25. Let r = 18 - 20. What are the prime factors of s(r)?
2, 17
Let w(l) = l**2 - 4*l - 2. Let r be w(4). Let t be (-2)/(r - 84/(-39)). Let q = t + 24. What are the prime factors of q?
11
Let f(b) = 137*b + 4. Let o be f(2). Suppose 4*j + 3*h - 220 = -h, 4*h - o = -5*j. What are the prime factors of j?
2, 29
Let q = -190 + 510. List the prime factors of q.
2, 5
Suppose 9*f = -0*f + 45. Let u = -69 + 154. Suppose 0*z - u = -f*z. List the prime factors of z.
17
Suppose -2*v + 12424 = 8*y, -2*v - 4*y + 11646 = -778. What are the prime factors of v?
2, 1553
Let m = -9 - -5. Let q(o) = -6 - 71*o - 3*o**2 - o**3 - 72*o + 2 + 138*o. What are the prime factors of q(m)?
2
Suppose 1643 = -10*x + 6863. List the prime factors of x.
2, 3, 29
Let j(u) = 2*u**2 - 29*u + 90. List the prime factors of j(30).
2, 3, 5, 17
Suppose 6*z + 37 = 5*z. Let w be (-2)/9 - (-1734)/27. Let y = z + w. List the prime factors of y.
3
Let j be (6 + (-3)/1 - 1)/(-2). What are the prime factors of (13/(-1))/((-1)/4) - j?
53
Let f be 1/(-2*1/(-20)). Suppose 4*a = 2*u - f, 4*a + 15 = a. What are the prime factors of (6/u)/((-27)/360)?
2
Suppose 0 = 9*x - 38 - 61. List the prime factors of x.
11
Suppose 0 = -4*h + 5*f + 186, 110 = 2*h - 3*f + 16. List the prime factors of h.
2, 11
Let d be 1971/3*(0 + (-2)/(-6)). Suppose -4*x = -d + 23. What are the prime factors of x?
7
Let f = -19 + 24. Suppose -2*m - 14 = -5*m - f*x, -5*x = -2*m + 26. List the prime factors of ((-12)/m)/3*-10.
5
Suppose -3*r + 16 = 13. Suppose -d = -3 - r. Suppose -5*f - d*u = -212, -5*u + 3*u = -6. What are the prime factors of f?
2, 5
Suppose -7 = -8*p + 17. Suppose -5*f + 152 = -2*f + 2*u, 0 = -p*f + 3*u + 162. Suppose 61 = g + 5*q, -g - f = -2*g + 4*q. List the prime factors of g.
2, 7
Suppose 15 = -4*a + 287. Let o = 46 - a. List the prime factors of (-4)/o - 621/(-33).
19
Let v(c) = 2*c**2 + 11*c + 12. Let g be v(-4). Suppose 3*d - 5*s = -s + 464, 3*d + 3*s - 429 = g. List the prime factors of d.
2, 37
Let c(s) be the third derivative of s**5/60 + s**3/3 - 8*s**2. What are the prime factors of c(4)?
2, 3
Let y(d) = 4*d - 28. Let g be y(0). Let a = g + 115. What are the prime factors of a?
3, 29
Suppose -10*t = 33 - 153. Let u(n) = -n**3 - 3*n - 2*n + 2 + 13*n**2 - 5*n. List the prime factors of u(t).
2, 13
Let k(i) = 2*i**2 - 9*i + 5. Let x(u) = -8*u - 2. Let a be x(-1). What are the prime factors of k(a)?
23
Let x(r) = 2*r**3 - 82*r**2 + 100*r - 99. What are the prime factors of x(40)?
701
Let x be (-3)/(-12) - 3/12. Suppose x = y + 2*i - 163, 4*i - i = -y + 161. Suppose 0 = 2*v - 4, 5*t - y = v + 3*v. What are the prime factors of t?
5, 7
Let l(w) = -6*w**2 - 2*w. Let a be l(-2). Let y(i) = i**3 + 8*i**2 - 6*i - 7. Let s be y(-8). Let d = s - a. List the prime factors of d.
61
Suppose 0 = 4*b + 12, -12*f + 8*f + 80 = 4*b. Suppose -101 = -6*m + m + 3*t, 2*t = m - f. List the prime factors of m.
19
Let z = 244 + -12. What are the prime factors of z?
2, 29
List the prime factors of (4/(-20)*-5)/(2/822).
3, 137
Let g(s) = s**3 - 14*s**2 - s - 15. Let y be g(16). Suppose -3*f - 2*x + y = 0, 5*x - 96 - 86 = -f. List the prime factors of f.
157
Let u(q) = q**3 - 1